{"id":19822,"date":"2020-04-07T09:18:07","date_gmt":"2020-04-07T09:18:07","guid":{"rendered":"https:\/\/www.ipc.pt\/wp-content\/uploads\/2020\/04\/Altera\u00e7\u00f5es-\u00e0-tabela-de-emolumentos-do-Instituto-Polit\u00e9cnico-de-Coimbra.-.pdf"},"modified":"2020-04-07T09:18:07","modified_gmt":"2020-04-07T09:18:07","slug":"alteracoes-a-tabela-de-emolumentos-do-instituto-politecnico-de-coimbra-2","status":"inherit","type":"attachment","link":"https:\/\/www.ipc.pt\/en\/sobre\/documentos\/estatutos-e-regulamentos\/attachment\/alteracoes-a-tabela-de-emolumentos-do-instituto-politecnico-de-coimbra-2\/","title":{"rendered":"Altera\u00e7\u00f5es \u00e0 tabela de emolumentos do Instituto Polit\u00e9cnico de Coimbra."},"author":1,"comment_status":"closed","ping_status":"closed","template":"","meta":[],"pp_force_visibility":null,"pp_subpost_visibility":null,"pp_inherited_force_visibility":null,"pp_inherited_subpost_visibility":null,"description":{"rendered":"<p class=\"attachment\"><a href='https:\/\/www.ipc.pt\/wp-content\/uploads\/2020\/04\/Altera\u00e7\u00f5es-\u00e0-tabela-de-emolumentos-do-Instituto-Polit\u00e9cnico-de-Coimbra.-.pdf'>Altera\u00e7\u00f5es \u00e0 tabela de emolumentos do Instituto Polit\u00e9cnico de Coimbra.<\/a><\/p>\n"},"caption":{"rendered":"<p>Altera\u00e7\u00f5es \u00e0 tabela de emolumentos do Instituto Polit\u00e9cnico de Coimbra.<\/p>\n"},"alt_text":"","media_type":"file","mime_type":"application\/pdf","media_details":{},"post":123628,"source_url":"https:\/\/www.ipc.pt\/wp-content\/uploads\/2020\/04\/Altera\u00e7\u00f5es-\u00e0-tabela-de-emolumentos-do-Instituto-Polit\u00e9cnico-de-Coimbra.-.pdf","_links":{"self":[{"href":"https:\/\/www.ipc.pt\/en\/wp-json\/wp\/v2\/media\/19822"}],"collection":[{"href":"https:\/\/www.ipc.pt\/en\/wp-json\/wp\/v2\/media"}],"about":[{"href":"https:\/\/www.ipc.pt\/en\/wp-json\/wp\/v2\/types\/attachment"}],"author":[{"embeddable":true,"href":"https:\/\/www.ipc.pt\/en\/wp-json\/wp\/v2\/users\/1"}],"replies":[{"embeddable":true,"href":"https:\/\/www.ipc.pt\/en\/wp-json\/wp\/v2\/comments?post=19822"}]}}

https://www.ipc.pt/wp-content/uploads/2020/04/Alterações-à-tabela-de-emolumentos-do-Instituto-Politécnico-de-Coimbra.-.pdf

Alterações à tabela de emolumentos do Instituto Politécnico de Coimbra.

<p class="attachment"><a href='https://www.ipc.pt/wp-content/uploads/2020/04/Alterações-à-tabela-de-emolumentos-do-Instituto-Politécnico-de-Coimbra.-.pdf'>Alterações à tabela de emolumentos do Instituto Politécnico de Coimbra.</a></p>

<p>Alterações à tabela de emolumentos do Instituto Politécnico de Coimbra.</p>
