{"id":248037,"date":"2026-04-01T11:24:19","date_gmt":"2026-04-01T11:24:19","guid":{"rendered":"https:\/\/www.ipc.pt\/wp-content\/uploads\/2026\/04\/Cartaz_Reflexoes-sobre-Pedagogia-no-Ensino-Superior-Perspetivas-Praticas-e-Valorizacao.jpg"},"modified":"2026-04-01T11:24:19","modified_gmt":"2026-04-01T11:24:19","slug":"cartaz_reflexoes-sobre-pedagogia-no-ensino-superior-perspetivas-praticas-e-valorizacao-2","status":"inherit","type":"attachment","link":"https:\/\/www.ipc.pt\/en\/cartaz_reflexoes-sobre-pedagogia-no-ensino-superior-perspetivas-praticas-e-valorizacao-2\/","title":{"rendered":"Cartaz_Reflex\u00f5es sobre Pedagogia no Ensino Superior Perspetivas, Pr\u00e1ticas e Valoriza\u00e7\u00e3o"},"author":124,"comment_status":"closed","ping_status":"closed","template":"","meta":[],"pp_force_visibility":null,"pp_subpost_visibility":null,"pp_inherited_force_visibility":null,"pp_inherited_subpost_visibility":null,"description":{"rendered":"<p class=\"attachment\"><a href='https:\/\/www.ipc.pt\/wp-content\/uploads\/2026\/04\/Cartaz_Reflexoes-sobre-Pedagogia-no-Ensino-Superior-Perspetivas-Praticas-e-Valorizacao.jpg'><img loading=\"lazy\" decoding=\"async\" width=\"240\" height=\"300\" src=\"https:\/\/www.ipc.pt\/wp-content\/uploads\/2026\/04\/Cartaz_Reflexoes-sobre-Pedagogia-no-Ensino-Superior-Perspetivas-Praticas-e-Valorizacao-240x300.jpg\" class=\"attachment-medium size-medium\" alt=\"\" srcset=\"https:\/\/www.ipc.pt\/wp-content\/uploads\/2026\/04\/Cartaz_Reflexoes-sobre-Pedagogia-no-Ensino-Superior-Perspetivas-Praticas-e-Valorizacao-240x300.jpg 240w, https:\/\/www.ipc.pt\/wp-content\/uploads\/2026\/04\/Cartaz_Reflexoes-sobre-Pedagogia-no-Ensino-Superior-Perspetivas-Praticas-e-Valorizacao-819x1024.jpg 819w, https:\/\/www.ipc.pt\/wp-content\/uploads\/2026\/04\/Cartaz_Reflexoes-sobre-Pedagogia-no-Ensino-Superior-Perspetivas-Praticas-e-Valorizacao-768x961.jpg 768w, https:\/\/www.ipc.pt\/wp-content\/uploads\/2026\/04\/Cartaz_Reflexoes-sobre-Pedagogia-no-Ensino-Superior-Perspetivas-Praticas-e-Valorizacao-864x1080.jpg 864w, https:\/\/www.ipc.pt\/wp-content\/uploads\/2026\/04\/Cartaz_Reflexoes-sobre-Pedagogia-no-Ensino-Superior-Perspetivas-Praticas-e-Valorizacao-288x360.jpg 288w, https:\/\/www.ipc.pt\/wp-content\/uploads\/2026\/04\/Cartaz_Reflexoes-sobre-Pedagogia-no-Ensino-Superior-Perspetivas-Praticas-e-Valorizacao-336x420.jpg 336w, https:\/\/www.ipc.pt\/wp-content\/uploads\/2026\/04\/Cartaz_Reflexoes-sobre-Pedagogia-no-Ensino-Superior-Perspetivas-Praticas-e-Valorizacao.jpg 1125w\" sizes=\"(max-width: 240px) 100vw, 240px\" \/><\/a><\/p>\n"},"caption":{"rendered":""},"alt_text":"","media_type":"image","mime_type":"image\/jpeg","media_details":{"width":1125,"height":1407,"file":"2026\/04\/Cartaz_Reflexoes-sobre-Pedagogia-no-Ensino-Superior-Perspetivas-Praticas-e-Valorizacao.jpg","filesize":333049,"sizes":{"medium":{"file":"Cartaz_Reflexoes-sobre-Pedagogia-no-Ensino-Superior-Perspetivas-Praticas-e-Valorizacao-240x300.jpg","width":240,"height":300,"filesize":18548,"mime_type":"image\/jpeg","source_url":"https:\/\/www.ipc.pt\/wp-content\/uploads\/2026\/04\/Cartaz_Reflexoes-sobre-Pedagogia-no-Ensino-Superior-Perspetivas-Praticas-e-Valorizacao-240x300.jpg"},"large":{"file":"Cartaz_Reflexoes-sobre-Pedagogia-no-Ensino-Superior-Perspetivas-Praticas-e-Valorizacao-819x1024.jpg","width":819,"height":1024,"filesize":107893,"mime_type":"image\/jpeg","source_url":"https:\/\/www.ipc.pt\/wp-content\/uploads\/2026\/04\/Cartaz_Reflexoes-sobre-Pedagogia-no-Ensino-Superior-Perspetivas-Praticas-e-Valorizacao-819x1024.jpg"},"thumbnail":{"file":"Cartaz_Reflexoes-sobre-Pedagogia-no-Ensino-Superior-Perspetivas-Praticas-e-Valorizacao-150x150.jpg","width":150,"height":150,"filesize":9212,"mime_type":"image\/jpeg","source_url":"https:\/\/www.ipc.pt\/wp-content\/uploads\/2026\/04\/Cartaz_Reflexoes-sobre-Pedagogia-no-Ensino-Superior-Perspetivas-Praticas-e-Valorizacao-150x150.jpg"},"medium_large":{"file":"Cartaz_Reflexoes-sobre-Pedagogia-no-Ensino-Superior-Perspetivas-Praticas-e-Valorizacao-768x961.jpg","width":768,"height":961,"filesize":97852,"mime_type":"image\/jpeg","source_url":"https:\/\/www.ipc.pt\/wp-content\/uploads\/2026\/04\/Cartaz_Reflexoes-sobre-Pedagogia-no-Ensino-Superior-Perspetivas-Praticas-e-Valorizacao-768x961.jpg"},"fhd":{"file":"Cartaz_Reflexoes-sobre-Pedagogia-no-Ensino-Superior-Perspetivas-Praticas-e-Valorizacao-864x1080.jpg","width":864,"height":1080,"filesize":116007,"mime_type":"image\/jpeg","source_url":"https:\/\/www.ipc.pt\/wp-content\/uploads\/2026\/04\/Cartaz_Reflexoes-sobre-Pedagogia-no-Ensino-Superior-Perspetivas-Praticas-e-Valorizacao-864x1080.jpg"},"wide":{"file":"Cartaz_Reflexoes-sobre-Pedagogia-no-Ensino-Superior-Perspetivas-Praticas-e-Valorizacao-1125x640.jpg","width":1125,"height":640,"filesize":97834,"mime_type":"image\/jpeg","source_url":"https:\/\/www.ipc.pt\/wp-content\/uploads\/2026\/04\/Cartaz_Reflexoes-sobre-Pedagogia-no-Ensino-Superior-Perspetivas-Praticas-e-Valorizacao-1125x640.jpg"},"hd":{"file":"Cartaz_Reflexoes-sobre-Pedagogia-no-Ensino-Superior-Perspetivas-Praticas-e-Valorizacao-288x360.jpg","width":288,"height":360,"filesize":24414,"mime_type":"image\/jpeg","source_url":"https:\/\/www.ipc.pt\/wp-content\/uploads\/2026\/04\/Cartaz_Reflexoes-sobre-Pedagogia-no-Ensino-Superior-Perspetivas-Praticas-e-Valorizacao-288x360.jpg"},"square":{"file":"Cartaz_Reflexoes-sobre-Pedagogia-no-Ensino-Superior-Perspetivas-Praticas-e-Valorizacao-336x420.jpg","width":336,"height":420,"filesize":30543,"mime_type":"image\/jpeg","source_url":"https:\/\/www.ipc.pt\/wp-content\/uploads\/2026\/04\/Cartaz_Reflexoes-sobre-Pedagogia-no-Ensino-Superior-Perspetivas-Praticas-e-Valorizacao-336x420.jpg"},"three-by-two":{"file":"Cartaz_Reflexoes-sobre-Pedagogia-no-Ensino-Superior-Perspetivas-Praticas-e-Valorizacao-720x480.jpg","width":720,"height":480,"filesize":56009,"mime_type":"image\/jpeg","source_url":"https:\/\/www.ipc.pt\/wp-content\/uploads\/2026\/04\/Cartaz_Reflexoes-sobre-Pedagogia-no-Ensino-Superior-Perspetivas-Praticas-e-Valorizacao-720x480.jpg"},"full":{"file":"Cartaz_Reflexoes-sobre-Pedagogia-no-Ensino-Superior-Perspetivas-Praticas-e-Valorizacao.jpg","width":1125,"height":1407,"mime_type":"image\/jpeg","source_url":"https:\/\/www.ipc.pt\/wp-content\/uploads\/2026\/04\/Cartaz_Reflexoes-sobre-Pedagogia-no-Ensino-Superior-Perspetivas-Praticas-e-Valorizacao.jpg"}},"image_meta":{"aperture":"0","credit":"","camera":"","caption":"","created_timestamp":"0","copyright":"","focal_length":"0","iso":"0","shutter_speed":"0","title":"","orientation":"1","keywords":[]}},"post":null,"source_url":"https:\/\/www.ipc.pt\/wp-content\/uploads\/2026\/04\/Cartaz_Reflexoes-sobre-Pedagogia-no-Ensino-Superior-Perspetivas-Praticas-e-Valorizacao.jpg","_links":{"self":[{"href":"https:\/\/www.ipc.pt\/en\/wp-json\/wp\/v2\/media\/248037"}],"collection":[{"href":"https:\/\/www.ipc.pt\/en\/wp-json\/wp\/v2\/media"}],"about":[{"href":"https:\/\/www.ipc.pt\/en\/wp-json\/wp\/v2\/types\/attachment"}],"author":[{"embeddable":true,"href":"https:\/\/www.ipc.pt\/en\/wp-json\/wp\/v2\/users\/124"}],"replies":[{"embeddable":true,"href":"https:\/\/www.ipc.pt\/en\/wp-json\/wp\/v2\/comments?post=248037"}]}}

Cartaz_Reflexões sobre Pedagogia no Ensino Superior Perspetivas, Práticas e Valorização
